 -3
4
What is the value of 8 + -10 + (3 - -8 - -2)?
11
What is the value of 8 + (-30 + 28 - 1) + 19 + 0?
24
Calculate 16 + (-54 - -40 - 22).
-20
Evaluate -7 + (-13 - -1) - -10.
-9
What is the value of 13 + 0 + (11 - -3) + -6?
21
What is 16 + (7 + -24 - -3)?
2
Calculate -32 + 19 - -2 - 11.
-22
(-129 - -134) + -9 + -2
-6
Evaluate 10 + (4 - 0 - 11) - (-45 + 16).
32
7 - (-20 - (-12 + -7) - (1 + -16))
-7
Calculate (224 - 209) + (0 - 4) + 1 - 3.
9
Evaluate -23 - 55 - -112 - (8 + 1).
25
Evaluate -83 + 70 - (-2 + 9) - 5.
-25
Evaluate 6 + -6 + (2 - -1 - 1) + -2.
0
What is the value of -27 - ((-13 - -2) + (-7 - 1 - -14))?
-22
Evaluate 2982 + -2987 + (-1 + 1 - 4).
-9
Calculate (-9 - (8 + -32)) + -35.
-20
Evaluate 0 - 5 - (1 - (-10 + 6)).
-10
What is -10 + 26 + -19 + 11?
8
What is the value of -24 + -14 + (-4 - -23)?
-19
What is 22 - (25 - 22) - 33?
-14
What is the value of 34 + -16 + -42 + (3 - 0)?
-21
What is the value of -14 - -3 - -2 - (16 + -22) - -8?
5
What is the value of 1 - -9 - (2 - (6 - 0))?
14
What is the value of 3 - (3 + 3) - -4?
1
Evaluate (-4 - (-10 - (4 + -14))) + 0 + 12.
8
Calculate -10 - (-34 + 1) - 32.
-9
(-1 - -8 - 7) + 37 - 9
28
Evaluate 6 - 11 - (117 + -153).
31
1 - (2 - 32) - 9
22
What is the value of 14 - (2 - (12 - -3 - 8)) - 3?
16
Calculate 6 + -14 + 6 + -1.
-3
What is the value of -173 + 101 + 67 - (-1 - 1 - -1)?
-4
17 + (-3 - 11) - 0
3
-9 + (-1 - -12) + -16 + -9
-23
What is (4 + -3 - -14) + -12?
3
Evaluate -5 - 5 - -25 - 13.
2
2 + 4 + -10 - (-2 + 7 + -1)
-8
What is 4 - -4 - (-2 - 1 - -5)?
6
What is -20 - (-4 - -5 - (-11 + 20))?
-12
4 - (11 + 4 + -12)
1
-3 - ((1 - -6) + 3 - 15) - 15
-13
Calculate -13 - (-15 + -16 + 8).
10
What is 61 + -51 - (19 + -2)?
-7
-19 + (10 - 0 - 17) + 12
-14
Evaluate 1 + -3 - ((-22 - (-12 + -2)) + 4).
2
Evaluate 21 + -30 + 10 + (15 - 2).
14
What is the value of (0 - (-10 - -13)) + 34?
31
-9 + -2 + (-38 - -34)
-15
0 + 3 + 0 + -13 + 19
9
What is the value of 8 + (26 - 65) + (5 - 1)?
-27
What is 34 - (28 + -20 + 22)?
4
-2 - (-6 - (-11 - 3))
-10
Evaluate -2 - (-7 - (-2 - 6)).
-3
What is (5 - (22 + -8) - -7 - -1) + -4?
-5
25 - (26 - 0) - (-2 - -23)
-22
Evaluate -2 + 1 - 1 - (33 + -12 + -14).
-9
Calculate (-38 - -14) + 9 + 1 + -3 + 3.
-14
What is (-41 - -40 - 6) + (1 - -16) + -5?
5
-23 - ((38 - (16 - -19)) + -1 + 6)
-31
Calculate (8 + -3 + 9 - -5) + -11.
8
Evaluate (-52 - (-81 + 42)) + (0 - -9).
-4
Evaluate 9 - ((24 + -25 - 15) + (1 - -7)).
17
What is 8 + 2 + 17 + -28 - (1 + 14)?
-16
Evaluate (1 + -12 - -2) + (-127 - -130).
-6
Calculate 1 - 28 - -26 - (15 + (4 - 2)).
-18
What is 10 + 20 + -12 + -7?
11
Calculate (2 - -1) + 39 + -55 + 29.
16
What is the value of 4 + (-8 - 0) - (1 + -6 + 13)?
-12
What is (13 - 39) + 18 + 14 + 1?
7
Calculate (-20 + -1 - 11) + 7.
-25
What is -8 - (-7 + (-7 + -3 - -15))?
-6
-7 + 5 + -13 + 104 + -107
-18
What is the value of (-187 - -175) + (8 - 0) - 10?
-14
Calculate -1 + -1 + (1 - 3) + (12 - -9).
17
Evaluate (-14 - -5) + -1 + (-2 - -11 - 14).
-15
What is (0 - -35) + 237 + -231 - 18?
23
What is (26 - 59 - -26) + 18 + -1?
10
(-4 - 3) + 3 + (9 - 13)
-8
What is the value of -13 + 10 + 14 + -22?
-11
What is the value of -2 - ((-6 - -15) + -23)?
12
21 + -24 + -7 + 0 + -6 + -1
-17
Evaluate -17 - (-3 - ((6 - -5) + -2 - 3)).
-8
8 + -9 + -1 + 8 + -5 + -23
-22
What is the value of (9 + -24 - -19) + 2 + (-4 - 31)?
-29
Calculate -24 + -7 + -29 + 32.
-28
What is 7 + (-3 + (-4 - -7) - -3)?
10
What is the value of (-1 + 1 + -4 - -3) + (90 - 89)?
0
5 + (2 - 1) + (3 - 23) + 13
-1
-9 + (-4 - -18 - 2)
3
What is the value of 2 + -3 + -2 - (170 - 154)?
-19
Evaluate -8 - (7 + -22 + 5 + 3).
-1
Calculate (-14 - (-4 - 3)) + (-39 - -32).
-14
What is the value of 0 + 7 + -21 + (6 - -8) + 9?
9
Calculate 1 - 21 - (-129 - -144 - (14 - -3)).
-18
17 + (-7 - (-17 + 25))
2
Calculate -4 + -13 + 9 + 20.
12
What is the value of -114 + 143 + -1 + -14?
14
Calculate 0 + -11 + (42 - 20 - 24).
-13
Calculate 5 + 36 - (4 - -17).
20
Calculate 7 + (10 - (1 - -11)).
5
Evaluate -19 + (0 - -5) - -2.
-12
What is the value of -18 - ((-3 - (-7 + 8 + -3)) + -5)?
-12
What is the value of 10 + -20 + -1 + 37 + -4?
22
Calculate -21 - (20 - 27 - (-2 - 3)).
-19
Evaluate 0 - -26 - 2 - (-6 - (14 - 18)).
26
What is (1 - 13) + -2 - (-127 - -115)?
-2
Calculate -14 - 4 - 4 - (-9 - (-1 + -8)).
-22
What is the value of 434 + -370 + (-24 - 0)?
40
-6 - (-6 - (2 - 6) - (2 - -1))
-1
(-15 + 7 - -39) + -4 + -6
21
Evaluate -1 + 1 + -11 + 24.
13
Calculate (25 - (1 - -19)) + 18.
23
7 - (-3 + 16) - -12
6
What is the value of (6 - (-14 + 6 + 17)) + 1 + 18?
16
1 - (-10 + (13 - 19) + 13 + -3)
7
Evaluate 14 - 3 - (-5 + -4 - -13).
7
-14 + -4 + 0 - (7 + -10 - 2)
-13
What is the value of -5 + (-1 - (21 + -13))?
-14
Evaluate -4 + 30 - (-82 + 102).
6
Calculate (14 - (17 - -1)) + 22.
18
What is 0 + 24 + -14 + -14 + 12?
8
(30 - 12) + -22 + -2 + -10
-16
(12 - 25) + (-6 + -15 - -9)
-25
What is the value of (-5 - -14 - -1 - 4) + -10?
-4
Evaluate (48 - 15) + (-49 - -31).
15
What is the value of (-27 - (13 - 29)) + 0 + 1?
-10
Calculate -18 + (6 - -20) - (-29 + 6).
31
What is the value of (-28 - -31) + (6 - (2 - 2)) + 5?
14
What is (5 - 10) + (-12 + 15 - 0) + -2?
-4
Evaluate 24 + (13 - 28) + -3 + -40.
-34
What is the value of (1 - ((9 - 4) + (-1 - 6))) + -4?
-1
-7 + 5 + 0 - 1 - 7
-10
What is (32 + -34 - (-3 - 1)) + -3?
-1
Calculate -2 + (-24 + 22 - (3 - 8)).
1
Evaluate 22 - (47 + -33) - 17.
-9
Evaluate (17 - (1 - -11)) + (-2 - -9).
12
Evaluate -1 + 0 + -6 - 1 - (-4 - -8).
-12
What is the value of -28 + (40 - 15) + 14 + 2?
13
What is 12 - (-18 + 27 - 9) - (0 - 8)?
20
-8 - (3 + (-23 - -2) - (49 + -49))
10
Evaluate -7 - (-28 - -23 - (-8 + 1)).
-9
(-11 - (9 + -2)) + -10 + 11
-17
Calculate -14 + 1 + (-47 - (87 + -155)).
8
-3 + (-3 - 2) + (-45 - -69)
16
Calculate -11 - (-15 + -2 + 16 + -11).
1
What is 4 - (14 + -8 + (-3 - 12))?
13
Calculate 4 + 5 + (-1 - -1) + -4 - 6.
-1
What is 11 + (32 - (39 + -22))?
26
4 - (56 + -48 - (1 - 4))
-7
What is 0 + -7 + (-7 - (-8 - 3))?
-3
What is (7 - (-5 + (9 - 2))) + -12?
-7
-20 + (6 - 12 - -9) + 2
-15
Calculate -7 - -1 - 2 - (1436 - 1433).
-11
What is 0 + 2 + (15 - (7 + 7 + -4))?
7
Calculate 0 + 6 - -1 - (33 + (5 - 5)).
-26
-20 - (1 + -5 + 1 + 1)
-18
(-19 - (11 - 12)) + 5
-13
-6 - (-2 - 7 - 3)
6
What is the value of 11 + (0 - 5 - -1) + -15?
-8
Calculate 78 + -94 + -2 + 10.
-8
-5 - ((1 - (6 + -13)) + -13)
0
What is (14 + -4 + -7 + -1 - 3) + 26?
25
Evaluate (11 + -10 - -6) + -20.
-13
What is 14 - (-9 - -24) - -19?
18
What is (10 - (3 + -11)) + (-7 - 0)?
11
What is the value of (5 - 4) + (4 - (8 + -1 + -2))?
0
What is (57 + -13 - 13) + -11 + -6?
14
Calculate -7 + 2 + 11 - (1 + -1).
6
What is the value of -9 - (-32 - -24 - -4)?
-5
(-15 - -19) + (3 - -20)
27
5 + -11 + 0 - (-6 + 12 + -13)
1
What is the value of -1 + 21 + -13 - -5?
12
(-290 - -296) + -12 + 1
-5
Calculate -6 - (-2 + ((-2 - 9) + 5 - -1)).
1
-16 - (-8 + 4) - (0 + 16 + -16)
-12
What is the value of 8 - (-5 + -8) - (1 + -5 - -8)?
17
Evaluate (-5 - 2 - -9) + -7.
-5
Evaluate 2 - (-5 + (-10 - -1 - -20)).
-4
What is 2 - (21 + -14 + 7 + -6)?
-6
4 + (-10 - -15) + (-22 - -1) + -2
-14
Calculate -17 + (-9 + 3 - -17) + 1 + 17.
12
Evaluate -4 + (9 - (7 + 20)) + 7.
-15
Evaluate (17 - 25) + 0 + 1 + 1 + -4.
-10
-17 + -12 + 24 - 4
-9
What is -12 - (-43 + 21) - 1?
9
-2 + -3 + (-3 - -8) - -11
11
What is the value of -23 - ((-3 - 9 - -7 - 6) + 4)?
-16
What is the value of -9 + 2 + 16 + -3 - -3?
9
Calculate -26 - -35 - (10 + 3).
-4
What is the value of (20 - (7 - 20)) + -13?
20
What is the value of (-10 - -12) + -10 + 6 - (-2 + 1)?
-1
8 + -3 + (-2 - (-3 - -1 - 7))
12
What is the value of 10 + -39 + -2 + 16?
-15
Evaluate (148 - 124 - (-1 + 9)) + 4 + 7.
27
What is the value of (6 - ((-2 - 11) + 22)) + 20 + -2?
15
Calculate -20 - -2 - ((5 - (-19 - -4)) + -22).
-16
Calculate -13 - (10 + (-16 - 1) + 18).
-24
-25 - (-6 - (14 + -7))
-12
Calculate (-2 - (-7 + 7 + -2)) + 6 + -1.
5
What is the value of -11 + 2 - ((-7 - -2) + -3)?
-1
What is 27 - (6 + -44 + 37)?
28
25 + 7 - (-162 + 165)
29
Calculate -9 + 0 + (45 - (82 + -58)).
12
What is the value of -1 + -2 + (11 - 4) + -15 + 10?
-1
What is -7 - (-16 + 8) - 10?
-9
Evaluate 1 - 20 - (-105 - -99).
-13
Evaluate (20 - (-1 + -4 - -22)) + -3 + -1.
-1
5 - (2 + 15 + (-10 +